or of 6208?
True
Is 23 a factor of 1035?
True
Does 161 divide 15295?
True
Does 89 divide 4201?
False
Is 116 a factor of 21576?
True
Does 14 divide 6160?
True
Is 558 a multiple of 31?
True
Is 13455 a multiple of 45?
True
Is 69 a factor of 3036?
True
Does 5 divide 10570?
True
Is 10439 a multiple of 13?
True
Does 16 divide 177?
False
Does 16 divide 36?
False
Is 308 a multiple of 4?
True
Is 484 a multiple of 21?
False
Is 4648 a multiple of 8?
True
Is 13 a factor of 50492?
True
Does 21 divide 16980?
False
Is 561 a multiple of 51?
True
Is 27870 a multiple of 41?
False
Does 47 divide 1424?
False
Is 45152 a multiple of 69?
False
Is 11177 a multiple of 136?
False
Does 38 divide 1626?
False
Does 80 divide 7683?
False
Is 585 a multiple of 13?
True
Does 149 divide 2677?
False
Is 390 a multiple of 17?
False
Does 61 divide 7151?
False
Is 520 a multiple of 2?
True
Is 15 a factor of 2385?
True
Is 6 a factor of 2892?
True
Is 12 a factor of 47520?
True
Is 614 a multiple of 152?
False
Is 2436 a multiple of 14?
True
Is 54779 a multiple of 6?
False
Is 38 a factor of 13528?
True
Is 19 a factor of 47823?
True
Is 269 even?
False
Does 9 divide 14103?
True
Is 938 a multiple of 134?
True
Is 51 a factor of 9373?
False
Is 149 a multiple of 149?
True
Is 5 a factor of 1025?
True
Is 1734 a multiple of 17?
True
Is 22433 a multiple of 72?
False
Does 30 divide 14411?
False
Is 396 a multiple of 6?
True
Is 13 a factor of 3883?
False
Is 59 a factor of 1298?
True
Is 13 a factor of 42517?
False
Is 1104 a multiple of 24?
True
Does 4 divide 780?
True
Does 17 divide 9333?
True
Does 12 divide 33852?
True
Is 42 a factor of 42?
True
Is 174 a factor of 5429?
False
Is 131 a factor of 8530?
False
Is 161 a factor of 18147?
False
Is 14 a factor of 798?
True
Does 111 divide 52259?
False
Is 8787 a multiple of 18?
False
Is 19 a factor of 513?
True
Does 11 divide 8927?
False
Is 1058 a multiple of 46?
True
Is 1535 a multiple of 100?
False
Is 13527 a multiple of 81?
True
Is 8657 a multiple of 11?
True
Does 16 divide 8324?
False
Is 30 a factor of 2050?
False
Does 43 divide 215?
True
Is 89 a multiple of 3?
False
Does 82 divide 15892?
False
Does 175 divide 5075?
True
Is 7349 a multiple of 41?
False
Does 51 divide 2703?
True
Is 8291 a multiple of 55?
False
Is 1674 even?
True
Is 20294 a multiple of 42?
False
Is 22 a factor of 4825?
False
Is 3366 a multiple of 22?
True
Does 20 divide 60?
True
Is 636 a multiple of 27?
False
Is 46 a factor of 2024?
True
Is 60 a factor of 566?
False
Is 34 a factor of 1828?
False
Does 4 divide 2832?
True
Is 1215 a multiple of 81?
True
Does 17 divide 2584?
True
Does 45 divide 5130?
True
Is 864 a multiple of 9?
True
Does 49 divide 35819?
True
Is 624 a multiple of 24?
True
Is 56 a factor of 784?
True
Is 2798 a multiple of 101?
False
Is 477 a multiple of 20?
False
Is 17 a factor of 1773?
False
Does 35 divide 3150?
True
Does 58 divide 3712?
True
Does 38 divide 1292?
True
Is 1184 a multiple of 27?
False
Does 3 divide 2159?
False
Does 92 divide 1472?
True
Does 7 divide 1327?
False
Does 20 divide 42500?
True
Is 25578 a multiple of 54?
False
Is 14 a factor of 527?
False
Is 51 a factor of 561?
True
Does 3 divide 72?
True
Does 14 divide 1078?
True
Does 140 divide 117320?
True
Is 15 a factor of 360?
True
Is 13014 a multiple of 54?
True
Does 31 divide 14694?
True
Is 470 a multiple of 10?
True
Is 420 a multiple of 22?
False
Is 2188 a multiple of 2?
True
Is 5973 a multiple of 41?
False
Is 467 a multiple of 46?
False
Is 1744 a multiple of 8?
True
Is 66 a multiple of 22?
True
Does 24 divide 11420?
False
Is 648 a multiple of 24?
True
Is 27 a factor of 213?
False
Is 25 a factor of 140500?
True
Does 54 divide 90504?
True
Is 11 a factor of 154?
True
Does 6 divide 1092?
True
Does 2 divide 1690?
True
Is 529 a multiple of 9?
False
Is 87 a factor of 11745?
True
Does 5 divide 1771?
False
Is 127 a factor of 712?
False
Is 1200 a multiple of 25?
True
Is 4371 a multiple of 31?
True
Does 47 divide 141?
True
Is 17 a factor of 26384?
True
Is 53 even?
False
Does 140 divide 1400?
True
Is 17 a factor of 215?
False
Is 268 a multiple of 35?
False
Does 16 divide 528?
True
Is 44 a factor of 1716?
True
Is 72 a multiple of 3?
True
Is 1474 a multiple of 67?
True
Is 9 a factor of 1301?
False
Is 8424 a multiple of 26?
True
Does 7 divide 1093?
False
Is 33749 a multiple of 44?
False
Does 3 divide 2225?
False
Is 530 a multiple of 34?
False
Does 13 divide 24830?
True
Is 132 a factor of 9636?
True
Is 180 a factor of 4431?
False
Is 30623 a multiple of 271?
True
Is 74 a factor of 1554?
True
Does 10 divide 1570?
True
Is 1893 a multiple of 26?
False
Does 149 divide 99759?
False
Does 10 divide 160?
True
Is 18 a factor of 4806?
True
Does 4 divide 10733?
False
Is 31 a factor of 806?
True
Is 33 a factor of 126?
False
Does 74 divide 127206?
True
Is 5 a factor of 715?
True
Is 26108 a multiple of 122?
True
Is 1485 a multiple of 15?
True
Does 8 divide 44?
False
Does 15 divide 18750?
True
Is 15945 a multiple of 8?
False
Does 15 divide 18852?
False
Does 26 divide 612?
False
Does 37 divide 321?
False
Does 330 divide 68727?
False
Is 793 a multiple of 61?
True
Is 1621 a multiple of 4?
False
Is 16 a factor of 19728?
True
Is 19 a factor of 23955?
False
Does 14 divide 2898?
True
Does 27 divide 2221?
False
Does 10 divide 6170?
True
Is 16 a factor of 913?
False
Does 15 divide 312?
False
Is 1164 a multiple of 9?
False
Is 254 a multiple of 30?
False
Is 2 a factor of 7?
False
Is 17 a factor of 5152?
False
Is 2 a factor of 512?
True
Does 27 divide 645?
False
Is 585 a multiple of 21?
False
Is 62639 a multiple of 38?
False
Is 15 a factor of 4663?
False
Is 1565 a multiple of 5?
True
Is 50256 a multiple of 44?
False
Is 165 a factor of 58575?
True
Is 43 a factor of 89925?
False
Is 4231 a multiple of 13?
False
Is 150150 a multiple of 325?
True
Does 17 divide 1819?
True
Does 122 divide 9272?
True
Does 120 divide 5570?
False
Does 21 divide 924?
True
Is 15 a factor of 1110?
True
Is 3120 a multiple of 12?
True
Is 4 a factor of 6637?
False
Does 25 divide 873?
False
Is 12 a factor of 5172?
True
Does 23 divide 161?
True
Is 93 a factor of 10420?
False
Is 2500 a multiple of 10?
True
Is 16 a factor of 10698?
False
Does 59 divide 2655?
True
Is 228 a multiple of 6?
True
Is 44191 a multiple of 59?
True
Is 1299 a multiple of 19?
False
Is 32 a factor of 2838?
False
Is 23 a factor of 562?
False
Is 27 a factor of 124794?
True
Is 70 a factor of 11340?
True
Is 12 a factor of 60?
True
Is 93 a factor of 50620?
False
Does 47 divide 957?
False
Is 3 a factor of 516?
True
Does 27 divide 958?
False
Does 11 divide 2662?
True
Does 24 divide 109350?
False
Is 18 a factor of 7701?
False
Is 26 a factor of 1586?
True
Is 47 a factor of 54572?
False
Is 3040 a multiple of 8?
True
Is 4 a factor of 183?
False
Is 419 a multiple of 10?
False
Does 106 divide 818?
False
Is 35 a factor of 2375?
False
Is 712 even?
True
Does 23 divide 483?
True
Does 42 divide 420?
True
Is 23 a factor of 83?
False
Does 29 divide 12093?
True
Is 19 a factor of 1539?
True
Is 11876 a multiple of 8?
False
Is 42879 a multiple of 9?
False
Does 24 divide 5256?
True
Is 195 a factor of 21239?
False
Does 19 divide 367?
False
Is 18522 a multiple of 14?
True
Does 49 divide 1862?
True
Is 3 a factor of 6810?
True
Is 8 a factor of 4650?
False
Is 10643 a multiple of 163?
False
Is 52 a factor of 758?
False
Is 57 a factor of 1244?
False
Is 265 a factor of 32393?
False
Is 1455 a multiple of 5?
True
Is 713 a multiple of 9?
False
Does 3 divide 904?
False
Is 70 a factor of 6160?
True
Is 196 a factor of 6065?
False
Is 9994 a multiple of 96?
False
Does 54 divide 1728?
True
Is 15 a factor of 2359?
False
Does 18 divide 2058?
False
Is 17386 a multiple of 122?
False
Does 59 divide 18231?
True
Does 11 divide 3090?
False
Is 3 a factor of 205?
False
Is 233 a factor of 81523?
False
Is 10 a factor of 310?
True
Is 16218 a multiple of 106?
True
Is 19 a factor of 412?
False
Is 2884 a multiple of 28?
True
Does 45 divide 529?
False
Is 2444 a multiple of 52?
True
Does 7 divide 1596?
True
Is 1653 a multiple of 87?
True
Does 14 divide 394?
False
Does 12 divide 12606?
False
Is 70 a factor of 52930?
False
Is 8 a factor of 2801?
False
Does 5 divide 1155?
True
Is 33 a factor of 21417?
True
Is 137 a factor of 57129?
True
Is 38 a factor of 1444?
True
Is 63 a f